factors of 901689?
3, 53, 107
List the prime factors of 332800547.
23, 14469589
What are the prime factors of 6845213?
43, 159191
What are the prime factors of 152077234?
2, 103, 151, 4889
What are the prime factors of 2199150907?
37, 41, 1449671
What are the prime factors of 4016009097?
3, 446223233
List the prime factors of 3019424818.
2, 1509712409
List the prime factors of 7892562.
2, 3, 19, 69233
List the prime factors of 2200967756.
2, 13, 1483, 28541
List the prime factors of 21867678.
2, 3, 7, 17, 41, 83
List the prime factors of 400196323.
400196323
List the prime factors of 158194085.
5, 7, 31, 211, 691
List the prime factors of 1495263851.
4409, 339139
What are the prime factors of 1878084062?
2, 347, 2706173
List the prime factors of 332013249.
3, 97, 42257
List the prime factors of 47462942.
2, 2269, 10459
What are the prime factors of 245793991?
13463, 18257
What are the prime factors of 98036418?
2, 3, 271, 60293
List the prime factors of 548964221.
13, 17, 109, 1753
What are the prime factors of 942073890?
2, 3, 5, 139, 263, 859
List the prime factors of 582383385.
3, 5, 1567, 2753
List the prime factors of 60370473.
3, 163, 123457
What are the prime factors of 7236097?
11, 657827
What are the prime factors of 79191543?
3, 26397181
What are the prime factors of 10123610?
2, 5, 7, 29, 4987
List the prime factors of 942473663.
19, 2741, 18097
What are the prime factors of 531868640?
2, 5, 3324179
List the prime factors of 1079554231.
7, 41, 443, 1213
What are the prime factors of 492317696?
2, 13, 31, 1193
What are the prime factors of 30570648?
2, 3, 73, 17449
What are the prime factors of 8092953?
3, 11, 31, 293
What are the prime factors of 7587603672?
2, 3, 11, 47, 67, 9127
List the prime factors of 3476616.
2, 3, 11, 13, 1013
What are the prime factors of 84537101?
11, 101, 76091
What are the prime factors of 372883407?
3, 13, 31, 308423
List the prime factors of 3501578986.
2, 1750789493
List the prime factors of 182875635.
3, 5, 797, 5099
List the prime factors of 709628738.
2, 7, 13, 41, 61, 1559
List the prime factors of 58157563.
58157563
List the prime factors of 1412165008.
2, 47, 71, 26449
List the prime factors of 511841317.
13, 39372409
List the prime factors of 50317310.
2, 5, 43, 117017
What are the prime factors of 1093279124?
2, 7, 53, 353, 2087
List the prime factors of 34344794.
2, 11, 17, 131, 701
What are the prime factors of 721082899?
37, 19488727
What are the prime factors of 325141755?
3, 5, 37, 585841
List the prime factors of 323578052.
2, 7, 11556359
What are the prime factors of 280420151?
11, 17, 37, 40529
What are the prime factors of 131212676?
2, 7, 97, 48311
List the prime factors of 1990769783.
19, 104777357
List the prime factors of 406145013.
3, 135381671
What are the prime factors of 118471538?
2, 17, 1409, 2473
What are the prime factors of 10879016?
2, 31, 43867
List the prime factors of 1064146968.
2, 3, 2621, 5639
What are the prime factors of 295603687?
295603687
What are the prime factors of 206059930?
2, 5, 20605993
What are the prime factors of 4235845034?
2, 2117922517
What are the prime factors of 1391388159?
3, 7, 31, 233, 9173
List the prime factors of 291537339.
3, 97179113
What are the prime factors of 2974696606?
2, 7, 30354047
What are the prime factors of 7339339982?
2, 13, 4547, 62081
List the prime factors of 1272267275.
5, 50890691
List the prime factors of 46115487.
3, 11, 73, 709
List the prime factors of 597988755.
3, 5, 7, 13, 47, 239
List the prime factors of 2026465741.
29, 71, 984199
List the prime factors of 118449585.
3, 5, 2632213
List the prime factors of 2524269123.
3, 17, 83, 173, 383
What are the prime factors of 3816563282?
2, 7, 23, 353, 33577
What are the prime factors of 788615573?
107, 7370239
List the prime factors of 2102577937.
20879, 100703
What are the prime factors of 31966210?
2, 5, 137, 23333
What are the prime factors of 4939814?
2, 11, 151, 1487
List the prime factors of 111590410.
2, 5, 373, 29917
List the prime factors of 2159182083.
3, 4243, 169627
List the prime factors of 46923097.
13, 3609469
List the prime factors of 210218617.
7, 17, 53, 33331
List the prime factors of 65987286.
2, 3, 41, 313, 857
What are the prime factors of 23050235?
5, 13, 354619
List the prime factors of 5970107640.
2, 3, 5, 7, 7107271
List the prime factors of 890415258.
2, 3, 148402543
List the prime factors of 79447304.
2, 677, 14669
What are the prime factors of 284174261?
7, 17, 2388019
List the prime factors of 74988591.
3, 83, 301159
What are the prime factors of 237394179?
3, 11, 799307
List the prime factors of 23045499.
3, 19, 167, 269
List the prime factors of 52562815.
5, 157, 66959
List the prime factors of 6264933026.
2, 11, 25888153
List the prime factors of 1667948259.
3, 71, 947, 8269
What are the prime factors of 26739133?
23, 1162571
What are the prime factors of 40111472?
2, 853, 2939
What are the prime factors of 6386271913?
7, 912324559
What are the prime factors of 6554268922?
2, 23, 1181, 120647
What are the prime factors of 344191754?
2, 8311, 20707
What are the prime factors of 4765106672?
2, 19, 15674693
What are the prime factors of 563291497?
41, 331, 41507
List the prime factors of 28812514.
2, 23, 113, 241
What are the prime factors of 1172230305?
3, 5, 23, 3397769
List the prime factors of 714985808.
2, 19, 47, 163, 307
List the prime factors of 8626082.
2, 4313041
List the prime factors of 48168016.
2, 13, 367, 631
List the prime factors of 8019857046.
2, 3, 31, 43117511
What are the prime factors of 167580958?
2, 7907, 10597
What are the prime factors of 46117935?
3, 5, 1024843
List the prime factors of 1989271694.
2, 17, 58507991
What are the prime factors of 341667048?
2, 3, 14236127
What are the prime factors of 344058635?
5, 68811727
What are the prime factors of 564305213?
11489, 49117
List the prime factors of 185766777.
3, 7, 41, 61, 131
What are the prime factors of 119054812?
2, 29763703
List the prime factors of 562099513.
3823, 147031
What are the prime factors of 80456746?
2, 40228373
List the prime factors of 650244006.
2, 3, 283, 127649
List the prime factors of 5962103908.
2, 1490525977
What are the prime factors of 274517830?
2, 5, 89, 308447
What are the prime factors of 2164259375?
5, 17, 40739
What are the prime factors of 384306784?
2, 907, 13241
What are the prime factors of 78665449?
193, 197, 2069
List the prime factors of 130005646.
2, 881, 73783
What are the prime factors of 240780887?
240780887
What are the prime factors of 1889927869?
6337, 298237
List the prime factors of 119250618.
2, 3, 19875103
List the prime factors of 190514611.
7, 27216373
List the prime factors of 3760245405.
3, 5, 7, 1879, 6353
List the prime factors of 1700240990.
2, 5, 7, 3583, 6779
List the prime factors of 32127587.
2161, 14867
What are the prime factors of 682556554?
2, 3919, 87083
What are the prime factors of 674857465?
5, 2767, 48779
What are the prime factors of 3612864668?
2, 7, 19, 103, 9419
List the prime factors of 38914053.
3, 12971351
List the prime factors of 373228302.
2, 3, 17, 673, 5437
List the prime factors of 53108857.
19, 61, 45823
List the prime factors of 346776098.
2, 17, 367, 27791
List the prime factors of 37070787.
3, 13, 29, 73, 449
List the prime factors of 5410452365.
5, 1082090473
What are the prime factors of 59982193?
59982193
List the prime factors of 47341801.
13, 280129
List the prime factors of 64830207.
3, 13, 31, 53623
List the prime factors of 1551751998.
2, 3, 9103, 28411
List the prime factors of 47831051.
41, 389, 2999
List the prime factors of 383371502.
2, 191685751
List the prime factors of 2166811318.
2, 7, 2851, 54287
List the prime factors of 132638104.
2, 16579763
List the prime factors of 123768537.
3, 41256179
What are the prime factors of 221025813?
3, 73675271
What are the prime factors of 232097025?
3, 5, 23, 157, 857
What are the prime factors of 138305300?
2, 5, 7, 41, 61, 79
List the prime factors of 58106339.
1213, 47903
List the prime factors of 661107628.
2, 17, 43, 311, 727
What are the prime factors of 2418566088?
2, 3, 19, 269, 19717
What are the prime factors of 194875819?
194875819
List the prime factors of 61378437.
3, 491, 41669
List the prime factors of